{"id":7742,"date":"2019-09-30T08:48:53","date_gmt":"2019-09-30T07:48:53","guid":{"rendered":"http:\/\/www.e-cartable.fr\/vasa-lecture\/wp-content\/uploads\/2019\/09\/L\u00e9t\u00e9-meurt-jeune.jpg"},"modified":"2019-09-30T08:52:55","modified_gmt":"2019-09-30T07:52:55","slug":"lete-meurt-jeune","status":"inherit","type":"attachment","link":"http:\/\/www.e-cartable.fr\/vasa-lecture\/sabatino-mirko-%e2%99%a6-lete-meurt-jeune\/lete-meurt-jeune\/","title":{"rendered":"L&rsquo;\u00e9t\u00e9 meurt jeune"},"author":3,"comment_status":"open","ping_status":"closed","template":"","meta":[],"description":{"rendered":"<p class=\"attachment\"><a href='http:\/\/www.e-cartable.fr\/vasa-lecture\/wp-content\/uploads\/2019\/09\/L\u00e9t\u00e9-meurt-jeune.jpg'><img loading=\"lazy\" width=\"195\" height=\"286\" src=\"http:\/\/www.e-cartable.fr\/vasa-lecture\/wp-content\/uploads\/2019\/09\/L\u00e9t\u00e9-meurt-jeune.jpg\" class=\"attachment-medium size-medium\" alt=\"\" decoding=\"async\" \/><\/a><\/p>\n"},"caption":{"rendered":""},"alt_text":"","media_type":"image","mime_type":"image\/jpeg","media_details":{"width":195,"height":286,"file":"2019\/09\/L\u00e9t\u00e9-meurt-jeune.jpg","sizes":{"thumbnail":{"file":"L\u00e9t\u00e9-meurt-jeune-150x150.jpg","width":150,"height":150,"mime_type":"image\/jpeg","source_url":"http:\/\/www.e-cartable.fr\/vasa-lecture\/wp-content\/uploads\/2019\/09\/L\u00e9t\u00e9-meurt-jeune-150x150.jpg"},"yarpp-thumbnail":{"file":"L\u00e9t\u00e9-meurt-jeune-120x120.jpg","width":120,"height":120,"mime_type":"image\/jpeg","source_url":"http:\/\/www.e-cartable.fr\/vasa-lecture\/wp-content\/uploads\/2019\/09\/L\u00e9t\u00e9-meurt-jeune-120x120.jpg"},"full":{"file":"L\u00e9t\u00e9-meurt-jeune.jpg","width":195,"height":286,"mime_type":"image\/jpeg","source_url":"http:\/\/www.e-cartable.fr\/vasa-lecture\/wp-content\/uploads\/2019\/09\/L\u00e9t\u00e9-meurt-jeune.jpg"}},"image_meta":{"aperture":"0","credit":"","camera":"","caption":"","created_timestamp":"0","copyright":"","focal_length":"0","iso":"0","shutter_speed":"0","title":"","orientation":"0","keywords":[]}},"post":7744,"source_url":"http:\/\/www.e-cartable.fr\/vasa-lecture\/wp-content\/uploads\/2019\/09\/L\u00e9t\u00e9-meurt-jeune.jpg","_links":{"self":[{"href":"http:\/\/www.e-cartable.fr\/vasa-lecture\/wp-json\/wp\/v2\/media\/7742"}],"collection":[{"href":"http:\/\/www.e-cartable.fr\/vasa-lecture\/wp-json\/wp\/v2\/media"}],"about":[{"href":"http:\/\/www.e-cartable.fr\/vasa-lecture\/wp-json\/wp\/v2\/types\/attachment"}],"author":[{"embeddable":true,"href":"http:\/\/www.e-cartable.fr\/vasa-lecture\/wp-json\/wp\/v2\/users\/3"}],"replies":[{"embeddable":true,"href":"http:\/\/www.e-cartable.fr\/vasa-lecture\/wp-json\/wp\/v2\/comments?post=7742"}]}}

http://www.e-cartable.fr/vasa-lecture/wp-content/uploads/2019/09/Lété-meurt-jeune.jpg

L&rsquo;été meurt jeune

<p class="attachment"><a href='http://www.e-cartable.fr/vasa-lecture/wp-content/uploads/2019/09/Lété-meurt-jeune.jpg'><img loading="lazy" width="195" height="286" src="http://www.e-cartable.fr/vasa-lecture/wp-content/uploads/2019/09/Lété-meurt-jeune.jpg" class="attachment-medium size-medium" alt="" decoding="async" /></a></p>

2019/09/Lété-meurt-jeune.jpg

Lété-meurt-jeune-150x150.jpg

http://www.e-cartable.fr/vasa-lecture/wp-content/uploads/2019/09/Lété-meurt-jeune-150x150.jpg

Lété-meurt-jeune-120x120.jpg

http://www.e-cartable.fr/vasa-lecture/wp-content/uploads/2019/09/Lété-meurt-jeune-120x120.jpg

Lété-meurt-jeune.jpg
